rime factors of f?
2, 3, 5
Let k(g) = 26*g + 6. Let w(c) = -5*c - 1. Let m(y) = 3*k(y) + 16*w(y). Suppose 3*p - 4*x = 7, -8 = p + x - 1. List the prime factors of m(p).
2
Let l be ((-3)/((-3)/(-17)))/(-1). Let w = l - 10. What are the prime factors of w?
7
Suppose -x + 88 = x. List the prime factors of x.
2, 11
List the prime factors of 129/6*15*(-6)/(-9).
5, 43
Let t(k) = k**3 + 10*k**2 + 8*k + 8. What are the prime factors of t(-6)?
2, 13
Let w = -38 + 9. Let m = 60 + w. List the prime factors of m.
31
Let r = -10 - -12. What are the prime factors of 16/10 - r/(-5)?
2
Suppose -2155 = -11*k - 692. What are the prime factors of k?
7, 19
Let f = 315 + -92. What are the prime factors of f?
223
Suppose 2*q + 9*q - 2486 = 0. What are the prime factors of q?
2, 113
Let v = 200 + -43. List the prime factors of v.
157
Let r(n) = n + 8. Let q be r(-6). List the prime factors of q/11 - (-64)/11.
2, 3
Suppose -c = c + p - 269, -5*p = c - 139. Suppose 4*k - c = 46. What are the prime factors of k?
3, 5
Suppose -10 - 38 = -3*q. Let r = q - -20. What are the prime factors of r?
2, 3
Let j(n) = -n**3 + 3*n**2 - 2*n. Let b be j(3). List the prime factors of -2 - 4*51/b.
2
Let l(g) = -g**2 + 10*g - 7. Let u(w) = -1. Let z(i) = l(i) + 3*u(i). Let b(t) = -t**2 + 9*t - 9. Let c(x) = 3*b(x) - 2*z(x). List the prime factors of c(5).
3
Let g = -11 - -18. What are the prime factors of g?
7
Suppose 0 = 5*u - 5*z + 25, -12 = -3*u - 2*z - 2. Suppose u = -w + 12 + 5. What are the prime factors of w?
17
Let g = 95 - 53. List the prime factors of g.
2, 3, 7
Suppose t - 5*x - 6 = 0, 5 = -x + 4. Suppose 2*m - t = -3. List the prime factors of ((-13)/(-4))/(m/(-4)).
13
Let n(j) = j + 11. Let p be n(-9). Let x be p*-1*(0 + -2). Suppose -5*t - h + 17 = 0, x*t - 25 = 2*h + h. What are the prime factors of t?
2
Suppose 49 = 6*o - 77. What are the prime factors of o?
3, 7
Suppose c + 4*j + 6 = -1, -3*j - 9 = 0. Let v = c - 7. What are the prime factors of v/(-6) + (-160)/(-24)?
7
Let a(q) = -q**3 - q**2 - q + 19. List the prime factors of a(0).
19
Suppose 4*b + 4*l - 21 = 3*l, -3*b - 4*l + 32 = 0. Suppose -3*q = -q + 3*k + 8, q - b*k = 7. List the prime factors of (-26)/(-4) - q/(-2).
2, 3
Suppose -o + 1 = -1, -u + 5*o - 34 = 0. List the prime factors of (-248)/(-18) - u/108.
2, 7
Let z be 1*(-10)/4*-2. Let d(t) = -t**3 + 5*t**2 - 5. Let v be d(z). What are the prime factors of (-29)/v + (-5)/(-25)?
2, 3
Let r(s) = -15*s - 6. List the prime factors of r(-3).
3, 13
Let j = 47 - 26. Suppose -q = 4*k + 2*q - j, 4*k - 5*q + 3 = 0. List the prime factors of k.
3
Let o(l) = -3*l - 2. Let t be 7/(-2) + 1/2. Let d be o(t). Suppose g - 4*q = -d, -37 = -5*g + 2*q - 0*q. What are the prime factors of g?
3
Suppose 108 + 132 = 10*a. What are the prime factors of a?
2, 3
Suppose -5*f = -x - 109, -3*f - 2*x = 2*x - 47. List the prime factors of f.
3, 7
Let b be ((-57)/6)/(3/(-6)). Suppose -b = -f - 3*u, -4*f + 63 = -f + 3*u. List the prime factors of f.
2, 11
Let u be (1 - (0 + -17))*3. Let y = -37 + u. What are the prime factors of y?
17
Let h be 3 - (0 + 3 + 0). Suppose -3*n - 5*m + 21 = h, 6 = m + m. What are the prime factors of n?
2
Let g be 2*1/4*-10. Let q(x) = -5*x**3 + 10*x**2 - 8*x + 6. Let s(l) = l**3 - l**2 + l. Let t(i) = -q(i) - 6*s(i). List the prime factors of t(g).
3
What are the prime factors of 1*(34 + 2 + -1)?
5, 7
Let p be -1*(0 + -2) + 1. Suppose 7*r - 3*r - 40 = 0. Suppose p*n - r = 23. What are the prime factors of n?
11
Let l(i) = -3*i + 4. Let x = 8 - 11. What are the prime factors of l(x)?
13
Let b = 13 + -16. List the prime factors of (b/6)/(1/(-8)).
2
Suppose 0 = -3*i - q - 0*q + 10, -5*i = -3*q - 12. Suppose 0*k - 2 = 2*k + 2*a, -3*k = -i*a + 3. What are the prime factors of 10 - (2 + k + 1)?
2
Let n(z) = -6*z**2 + z. Let r(i) = 17*i**2 - 4*i + 1. Let c(d) = 8*n(d) + 3*r(d). List the prime factors of c(3).
2, 3
What are the prime factors of ((-2)/3)/(2/(-6))?
2
Suppose -5*u + 5 + 2 = m, 5*u - 5*m = 25. Suppose -44 = -0*v - u*v. What are the prime factors of v?
2, 11
Let j be 1*-10*3/(-6). Suppose -14 = j*p + 6. Let z = 2 - p. What are the prime factors of z?
2, 3
List the prime factors of ((-4)/(-3))/(2/9).
2, 3
Let r(y) be the second derivative of 5*y**3/6 - 17*y**2/2 - 4*y. List the prime factors of r(7).
2, 3
Suppose -3*x + 5*k = -356, 3*k - 650 = -9*x + 4*x. List the prime factors of x.
127
Let g be (-85)/(-2) - (-3)/(-6). Let h = -24 + g. List the prime factors of h.
2, 3
Let t be (-2)/(-9) + 44/(-36). Let b = 8 + t. What are the prime factors of b?
7
Let d(h) = -h**3 - 6*h**2 - 6*h - 6. List the prime factors of d(-6).
2, 3, 5
Let j = 104 + -48. List the prime factors of 4/14 - (-320)/j.
2, 3
Suppose 5*a - 1 = -4*c + 26, 4*c - 28 = -4*a. What are the prime factors of (33 - -2)*c/20?
2, 7
Suppose -2*d - 3*v - 19 = 5, v = 2*d + 24. Let j = d + 20. What are the prime factors of j?
2
Suppose 2*s - 12 = 90. Suppose -3*q = -2*n - s, -4*q = -q - 4*n - 51. Let f = 32 - q. List the prime factors of f.
3, 5
Let w = 19 - 10. What are the prime factors of w?
3
Let q be (3 - (2 - -4)) + 7. Suppose q*g + g - 215 = 0. List the prime factors of g.
43
Let m be (1 + 2)/((-12)/(-16)). Suppose -15 = -i - 2*h, 0 = m*i - 0*h - 2*h - 90. What are the prime factors of i?
3, 7
Let w(c) be the first derivative of 2/3*c**3 + 1/2*c**2 + 3 + 2*c. List the prime factors of w(2).
2, 3
Let j(s) = s - 5. Suppose 2*y + 0*y + x - 10 = 0, 4*y = 3*x + 20. Suppose 0 = -4*q + b + 33, -4*b + 10 = y*q - 5. What are the prime factors of j(q)?
2
Suppose b - 2*k = 13, 0*b + 3 = -b - 2*k. Suppose 4*i - 13 = -b. List the prime factors of i.
2
Let b = 38 - 22. Suppose 4*t - 2*t - b = 3*m, -2*t + m + 8 = 0. What are the prime factors of (-2)/(40/22 - t)?
11
Let a(l) be the second derivative of -l**4/12 + l**3 + l**2 + 2*l. What are the prime factors of a(6)?
2
Let w = -8 + 14. Let l = 15 - 13. What are the prime factors of l/6 + 76/w?
13
Let n(f) be the third derivative of -f**6/40 + 3*f**2. What are the prime factors of n(-1)?
3
Let n(x) be the first derivative of -3*x**2 + 1/3*x**3 + 4*x - 1. What are the prime factors of n(7)?
11
Let r = 131 - -17. What are the prime factors of r?
2, 37
Suppose 2*t - 4*r - 16 = 0, t - 4*r - 10 = 2*t. Suppose 3*k - 26 = f - t*f, 2*k - 19 = -f. List the prime factors of k.
7
Suppose -z - 8 = -r, -3*r + 13 = -4*z - 15. Suppose -2 = -2*p + 12. Let v = r + p. What are the prime factors of v?
11
What are the prime factors of (-6)/(-12)*(2 + 630)?
2, 79
Let z = 38 + 5. List the prime factors of z.
43
Suppose -o = -32 - 54. What are the prime factors of o?
2, 43
List the prime factors of (-39)/(-12)*(-120)/(-4 - -1).
2, 5, 13
Suppose 119 = 4*g - j, 2*j + 19 + 9 = g. What are the prime factors of g?
2, 3, 5
What are the prime factors of 1000/55 - (-4)/(-22)?
2, 3
Suppose -4 = s + 3*g + 5, 0 = -3*s - 3*g + 3. Suppose 3*o - 16 = -n + s*o, 3*n = -o + 48. List the prime factors of n.
2
Let a = -11 + 24. List the prime factors of a.
13
Suppose 0*d + 2*d - 222 = -2*r, 2 = r. What are the prime factors of d?
109
Let g = 55 + -38. What are the prime factors of g?
17
Suppose -2*r + r - 5 = 0. Let v = -3 - r. What are the prime factors of (-8)/(-6)*6/v?
2
Suppose 4*i = i + 345. Suppose -2*v + i = 3*v. List the prime factors of v.
23
Let h = -77 - -130. What are the prime factors of h?
53
Let j(x) = 11*x**3 + x. Let t be j(1). Suppose -4*n + 156 = -t. What are the prime factors of n?
2, 3, 7
Suppose -2*t + 247 = -3*v, -5*t = -0*v + v + 88. Let y be v/(-5) - 3/5. Suppose -3*l + y = 4. List the prime factors of l.
2
Let n be 12 + (0 - 0)/3. Suppose -2*c - 2*c + n = 0. Suppose c*z - 14 = 4. List the prime factors of z.
2, 3
Let u(x) = 6*x**2. Let h be u(1). Suppose m - 4*m = -h. Suppose b = -m*s + 16, 2*s + 4*b = -2*s + 28. List the prime factors of s.
3
Let x = 1 + 1. Suppose -78 = -5*b + 4*t - 27, -2*t + 24 = x*b. List the prime factors of b.
11
Suppose -10 = -3*z + 8*z. Let t(j) = -7*j - 2. What are the prime factors of t(z)?
2, 3
Let b be (-10 - -3)/(1/(-3)). Let h = b + 20. What are the prime factors of h?
41
Suppose q + 10 = 6*q. Let u = q + -2. Suppose u = -3*m + 2*m + 4. What are the prime factors of m?
2
Let t = 61 + -4. Suppose 4*r + t = -7. List the prime factors of 1/(1 - r/(